hat are the prime factors of 18942819?
3, 7, 902039
List the prime factors of 48381166.
2, 24190583
What are the prime factors of 38991181?
367, 106243
List the prime factors of 1405573610.
2, 5, 7, 20079623
List the prime factors of 40834503.
3, 1051, 1439
What are the prime factors of 3979207?
17, 23, 10177
List the prime factors of 190118347.
761, 249827
List the prime factors of 4392513701.
53, 257, 389, 829
What are the prime factors of 480192110?
2, 5, 6073, 7907
What are the prime factors of 76080134?
2, 13, 17, 172127
What are the prime factors of 109083273?
3, 13, 23, 121609
List the prime factors of 51069791.
773, 66067
List the prime factors of 3935309741.
11, 281, 115741
List the prime factors of 3617103219.
3, 31, 113, 491, 701
What are the prime factors of 1052011152?
2, 3, 19, 47, 101
What are the prime factors of 118494725?
5, 29, 137, 1193
What are the prime factors of 141860590?
2, 5, 37, 467, 821
What are the prime factors of 2003027408?
2, 125189213
What are the prime factors of 411201306?
2, 3, 19, 179, 2239
List the prime factors of 29911731.
3, 29, 343813
What are the prime factors of 40621252?
2, 7, 1450759
List the prime factors of 369251798.
2, 17, 23, 472189
List the prime factors of 54869743.
23, 131, 18211
List the prime factors of 199214813.
7, 28459259
What are the prime factors of 262719917?
151, 1739867
What are the prime factors of 35203469?
7, 5029067
List the prime factors of 12119315.
5, 13, 186451
List the prime factors of 275627391.
3, 13, 7067369
What are the prime factors of 23674833?
3, 7, 13, 137, 211
List the prime factors of 8059090687.
179, 45022853
List the prime factors of 2266601476.
2, 566650369
List the prime factors of 3838073009.
3838073009
What are the prime factors of 36652057?
13, 47, 223, 269
What are the prime factors of 2820950126?
2, 59, 23906357
List the prime factors of 3153291714.
2, 3, 41, 97, 14683
List the prime factors of 194246086.
2, 23, 439, 9619
What are the prime factors of 70747355?
5, 7, 19, 191, 557
What are the prime factors of 129622295?
5, 11, 953, 2473
List the prime factors of 140879882.
2, 11, 13, 492587
What are the prime factors of 399397494?
2, 3, 83, 659, 1217
List the prime factors of 370532785.
5, 7, 41, 258211
What are the prime factors of 131002924?
2, 13, 251, 10037
What are the prime factors of 2021327706?
2, 3, 311, 1083241
List the prime factors of 55104633.
3, 17, 47, 79, 97
What are the prime factors of 2670045475?
5, 67, 1594057
List the prime factors of 4789385895.
3, 5, 7, 977, 46687
What are the prime factors of 56338010?
2, 5, 29, 194269
What are the prime factors of 1392581017?
61, 823, 27739
List the prime factors of 87112315.
5, 17422463
What are the prime factors of 374477990?
2, 5, 1901, 19699
What are the prime factors of 1241993143?
1241993143
List the prime factors of 1910319369.
3, 7, 137, 663997
What are the prime factors of 1056111715?
5, 3919, 53897
List the prime factors of 293801445.
3, 5, 7, 310901
What are the prime factors of 2440790094?
2, 3, 406798349
What are the prime factors of 2090885?
5, 418177
List the prime factors of 8445788.
2, 13, 162419
What are the prime factors of 99160672?
2, 13, 349, 683
What are the prime factors of 753925257?
3, 23, 617, 5903
What are the prime factors of 15398503?
3119, 4937
List the prime factors of 890721775.
5, 35628871
List the prime factors of 17956689.
3, 101, 59263
What are the prime factors of 2057942027?
157, 13107911
List the prime factors of 70696523.
17, 31, 163, 823
List the prime factors of 541446768.
2, 3, 47, 2963
List the prime factors of 45149371.
2237, 20183
List the prime factors of 68440401.
3, 7604489
List the prime factors of 12556557.
3, 13, 17, 59, 107
List the prime factors of 1642651516.
2, 11, 2131, 17519
List the prime factors of 266786539.
37, 137, 52631
List the prime factors of 99639467.
97, 1027211
List the prime factors of 149548294.
2, 7, 71, 21493
List the prime factors of 167169689.
1049, 159361
What are the prime factors of 61658597?
7, 11, 13, 31, 1987
What are the prime factors of 189067184?
2, 383, 30853
What are the prime factors of 448723889?
448723889
What are the prime factors of 151285427?
809, 187003
List the prime factors of 360266276.
2, 90066569
List the prime factors of 100739584.
2, 11, 31, 577
List the prime factors of 137138013.
3, 29, 525433
List the prime factors of 338033754.
2, 3, 18779653
List the prime factors of 215710879.
215710879
List the prime factors of 914170557.
3, 304723519
List the prime factors of 1190937680.
2, 5, 14886721
List the prime factors of 9513811.
9513811
What are the prime factors of 694505622?
2, 3, 199, 581663
What are the prime factors of 68467959?
3, 7, 17, 63929
What are the prime factors of 30287009?
53, 571453
What are the prime factors of 1185212348?
2, 47, 97, 103, 631
List the prime factors of 35751372.
2, 3, 2979281
What are the prime factors of 238569952?
2, 719, 10369
What are the prime factors of 426887772?
2, 3, 29, 433, 2833
List the prime factors of 46418436.
2, 3, 1289401
What are the prime factors of 6802890?
2, 3, 5, 17, 13339
List the prime factors of 19787393.
31, 638303
List the prime factors of 120923999.
7, 19, 909203
What are the prime factors of 26177891?
26177891
List the prime factors of 136932497.
13, 41, 199, 1291
What are the prime factors of 81113130?
2, 3, 5, 7, 6131
List the prime factors of 30656342.
2, 1367, 11213
List the prime factors of 711208084.
2, 10691, 16631
What are the prime factors of 57992717?
211, 274847
List the prime factors of 1903281049.
29, 41, 1600741
List the prime factors of 1491861160.
2, 5, 4139, 9011
What are the prime factors of 16994100?
2, 3, 5, 37, 1531
What are the prime factors of 89691844?
2, 11, 2038451
What are the prime factors of 80548277?
19, 23, 184321
List the prime factors of 542147169.
3, 971, 186113
List the prime factors of 7500089156.
2, 7, 29, 1319509
What are the prime factors of 187548798?
2, 3, 223, 140171
What are the prime factors of 21312734?
2, 10656367
What are the prime factors of 6648246252?
2, 3, 67, 191, 14431
What are the prime factors of 5146859?
101, 131, 389
What are the prime factors of 32411149?
37, 613, 1429
List the prime factors of 2624609444.
2, 656152361
List the prime factors of 3784345734.
2, 3, 13, 48517253
What are the prime factors of 137689177?
53, 2597909
List the prime factors of 499605652.
2, 7, 13, 1372543
List the prime factors of 59631859.
7, 29, 167, 1759
List the prime factors of 197906458.
2, 98953229
List the prime factors of 155379513.
3, 23, 2251877
List the prime factors of 31714110.
2, 3, 5, 29, 419
What are the prime factors of 2975849824?
2, 92995307
List the prime factors of 350551121.
19, 18450059
List the prime factors of 65842596.
2, 3, 401, 4561
What are the prime factors of 316423651?
1217, 260003
What are the prime factors of 600299219?
13, 2557, 18059
What are the prime factors of 18558944?
2, 579967
List the prime factors of 2093782970.
2, 5, 103, 2032799
List the prime factors of 59378257.
59378257
What are the prime factors of 24301101?
3, 11, 29, 67, 379
What are the prime factors of 854744311?
149, 193, 29723
List the prime factors of 110612414.
2, 11, 19, 409, 647
List the prime factors of 396916821.
3, 7, 19, 107, 1033
List the prime factors of 82497001.
1669, 49429
List the prime factors of 2805587964.
2, 3, 77932999
List the prime factors of 1376492540.
2, 5, 29, 2373263
List the prime factors of 2009696618.
2, 829, 1212121
List the prime factors of 831041878.
2, 2029, 204791
List the prime factors of 546788034.
2, 3, 13, 17, 137453
List the prime factors of 180656953.
103, 1753951
What are the prime factors of 776300940?
2, 3, 5, 4312783
List the prime factors of 41452552.
2, 5181569
What are the prime factors of 197729249?
71, 499, 5581
What are the prime factors of 76566729?
3, 67, 380929
What are the prime factors of 95741275?
5, 7, 547093
List the prime factors of 1724866341.
3, 11, 19, 2750983
List the prime factors of 465191087.
131, 3551077
What are the prime factors of 6712950057?
3, 11, 107, 1901147
What are the prime factors of 33408394?
2, 16704197
What are the prime factors of 1511289722?
2, 353, 2140637
List the prime factors of 54131557.
54131557
List